{"id":180,"date":"2016-05-18T18:33:41","date_gmt":"2016-05-18T16:33:41","guid":{"rendered":"http:\/\/theblue.de\/band\/?page_id=180"},"modified":"2022-09-12T16:13:47","modified_gmt":"2022-09-12T14:13:47","slug":"rezensionen","status":"publish","type":"page","link":"https:\/\/theblue.de\/band\/rezensionen\/","title":{"rendered":"Das sagen unsere Kunden"},"content":{"rendered":"<p>[vc_row bg_type=&#8220;image&#8220; bg_image=&#8220;187&#8243; bg_image_type=&#8220;parallax&#8220;][vc_column width=&#8220;2\/3&#8243;][vc_column_text text_style=&#8220;subtitle&#8220;]<span style=\"color: #333333;\"><a href=\"https:\/\/www.google.de\/search?sxsrf=ACYBGNTEFREILtjr7v0XKUadVLLeP6Dt-w%3A1570093581825&amp;source=hp&amp;ei=DbqVXYOvL5D4wQKcl6OYAg&amp;q=the+blue+band&amp;oq=the+blue+band&amp;gs_l=psy-ab.3..35i39j0i22i30l9.1439.4450..4931...0.0..0.65.738.13......0....1..gws-wiz.......0j0i131.urE_ZUqqc8U&amp;ved=0ahUKEwjD6dKx3v_kAhUQfFAKHZzLCCMQ4dUDCAg&amp;uact=5#lrd=0x4799d893074980fd:0x7be98c40b1245c17,1,,,\" target=\"_blank\" rel=\"noopener noreferrer\">TIPP: Lesen Sie auch unsere Rezensionen auf Google &#8211; einfach hier klicken<\/a><\/span><\/p>\n<p>&nbsp;<\/p>\n<p><span style=\"color: #333333;\"><strong>Hier lesen sie einige Zitate aus Briefen von Kunden, die uns nach unseren Auftritten erreichten.<\/strong><\/span><br \/>\n<span style=\"color: #333333;\"><em>(Klarnamen haben wir z.T. aus Gr\u00fcnden des Datenschutzes gek\u00fcrzt)<\/em><\/span><\/p>\n<p>&nbsp;<\/p>\n<p>Liebe The Blue Band, Lieber Randy !<\/p>\n<p>Wir wollten uns noch Mal ganz herzlich bei Euch bedanken. Es war ein unglaublicher und unvergesslicher Abend. Ihr habt unsere Erwartungen in jeder Hinsicht \u00fcbertroffen und da kommen noch die G\u00e4ste! \ud83d\ude42 Viele haben es sogar &#8222;richtiges Konzert&#8220; genannt und empfunden, und wollten schon viel viel fr\u00fcher auf das Tanzparkett treten \ud83d\ude00<br \/>\nNach dem vielen Stress und Vorbereitungen war es ein unbezahlbares Gef\u00fchl, zu realisieren, dass man sich auf Euch Profis einfach verlassen kann und es wird Perfekt. Ihr habt unseren Traumtag unbeschreiblich bereichert und wir werden Euch nie vergessen. Liebe Gr\u00fc\u00dfe an alle Kollegen !<\/p>\n<p>Andrea und Richard<\/p>\n<p><span style=\"color: #333333;\">Lieber Randy,<\/span><br \/>\n<span style=\"color: #333333;\">nochmal ganz herzlichen Dank f\u00fcr die tolle musikalische Begleitung. Ihr habt wesentlich zu einem gelungen Abend beigetragen &#8211; <strong>unsere G\u00e4ste waren begeistert von Euch<\/strong>!<\/span><br \/>\n<span style=\"color: #333333;\">Vielen Dank auch an euren DJ, der den zweiten musikalischen Teil bestritten und es geschafft hatte, die Leute nach dem umfangreichen Essen und der etwas sp\u00e4ten Fotosession noch auf die Tanzfl\u00e4che zu bringen \u2013 hat viel Spa\u00df gemacht.<\/span><\/p>\n<p><span style=\"color: #333333;\">Dr. Michael U.<\/span><\/p>\n<p><span style=\"color: #333333;\">___________________________________________________________________________<\/span><\/p>\n<p><span style=\"color: #333333;\">\u201cDie \u201cBlue Band\u201d und Randy Lee Kay sind f\u00fcr mich erstklassige Musiker, die noch echte Musik spielen. Mit dieser Qualit\u00e4t erreichen sie die Menschen. Ob die ruhigere Dinnermusik oder die Party danach. Sie k\u00f6nnen es krachen lassen und treffen immer den richtigen Ton. SUPER!<\/span><br \/>\n<span style=\"color: #333333;\"><em>(Thorsten Strotmann \u2013 Magier &amp; Gesch\u00e4ftsf\u00fchrer \u2013 STROTMANNS Magic Lounge GmbH)<br \/>\n<a style=\"color: #333333;\" href=\"http:\/\/www.strotmanns.com\" target=\"_blank\" rel=\"noopener noreferrer\">www.strotmanns.com<\/a><br \/>\n<\/em><\/span><\/p>\n<p><span style=\"color: #333333;\">___________________________________________________________________________<\/span><\/p>\n<p><span style=\"color: #333333;\">Liebe Blue-Band,<\/span><\/p>\n<p><span style=\"color: #333333;\">mir fehlen die Worte (oder besser gesagt die Stimme) nach eurem tollen Auftritt!<\/span><br \/>\n<span style=\"color: #333333;\">Es war einfach nur B wie \u2026<\/span><br \/>\n<span style=\"color: #333333;\">Bombastisch!\u00a0 <\/span><span style=\"color: #333333;\">Big!\u00a0 <\/span><span style=\"color: #333333;\">Bezaubernd!\u00a0 <\/span><span style=\"color: #333333;\">Beeindruckend!\u00a0 <\/span><span style=\"color: #333333;\">B\u00e4renstark!\u00a0 <\/span><span style=\"color: #333333;\">Brofi-Musiker!\u00a0 <\/span><span style=\"color: #333333;\">Blue!\u00a0 <\/span><span style=\"color: #333333;\">Band!\u00a0 <\/span><span style=\"color: #333333;\">Be back soon!\u00a0 <\/span><span style=\"color: #333333;\">Bye-Bye!<\/span><\/p>\n<p><span style=\"color: #333333;\">Beste Gr\u00fc\u00dfe von<\/span><br \/>\n<span style=\"color: #333333;\">Bario \u00a0\u2026 \u00e4hm \u2026 Mario \u00a0 \u00a0)<\/span><\/p>\n<p><span style=\"color: #333333;\"><em>(Mario Langjahr \u2013 Gesch\u00e4ftsf\u00fchrer \u2013 GV\u00a0Kommunikation\u00a0auf Papier GmbH, 71634 Ludwigsburg)<br \/>\n<a style=\"color: #333333;\" href=\"https:\/\/www.gvkommunikation.de\/\" target=\"_blank\" rel=\"noopener noreferrer\">www.gvkommunikation.de<\/a><br \/>\n<\/em><\/span><span style=\"color: #333333;\">___________________________________________________________________________<\/span><\/p>\n<p><span style=\"color: #333333;\">\u201cWir sind die Blue Band betreffend \u00fcberzeugte Wiederholungst\u00e4ter:<\/span><br \/>\n<span style=\"color: #333333;\">gut gelaunte, durch und durch professionelle und passionierte Musiker zeigen die gesamte Bandbreite hochklassigen Entertainments von softer Begleitung \u00fcber individuelle Interpretationen bis hin zum rockigen Solo, und dann noch auf die Klaviatur unterschiedlichster W\u00fcnsche aus allen Stilrichtungen m\u00fchelos eingehend.<\/span><br \/>\n<span style=\"color: #333333;\">Bis in die fr\u00fchen Morgenstunden keinerlei Erm\u00fcdungserscheinungen auf und vor der B\u00fchne.<\/span><br \/>\n<span style=\"color: #333333;\">Best Party ever since and a class of its own!\u201d<\/span><\/p>\n<p><span style=\"color: #333333;\"><em> (Karin Hornischer \u2013 Hornischer Consulting \u2013 Gesellschaft f\u00fcr internationale Personalberatung mbh &amp; Co. KG \u2013 70178 Stuttgart \u2013 81375 M\u00fcnchen) <\/em><\/span><\/p>\n<p><span style=\"color: #333333;\">___________________________________________________________________________<\/span><\/p>\n<p><span style=\"color: #333333;\">Lieber Randy und Band,<\/span><br \/>\n<span style=\"color: #333333;\">wir haben das Bed\u00fcrfnis uns nochmals bei Euch f\u00fcr diesen klasse Auftritt zu bedanken. Bernd und ich (ein paar von unseren G\u00e4sten ebenso !) fanden Euch \u201cphantastisch\u201d, \u201cklasse\u201d, \u201cspitzenm\u00e4\u00dfig\u201d, \u201ccool\u201d.<\/span><\/p>\n<p><span style=\"color: #333333;\">Vielen herzlichen Dank<\/span><br \/>\n<span style=\"color: #333333;\">K. und B.<\/span><br \/>\n<span style=\"color: #333333;\">___________________________________________________________________________<\/span><\/p>\n<p><span style=\"color: #333333;\">Lieber Randy<\/span><\/p>\n<p><span style=\"color: #333333;\">wir m\u00f6chten uns noch einmal ganz herzlich bei dir f\u00fcr die absolut gelungene Musik bedanken. Es h\u00e4tte nicht sch\u00f6ner sein k\u00f6nnen.<\/span><\/p>\n<p><span style=\"color: #333333;\">Viele liebe Gr\u00fc\u00dfe<\/span><br \/>\n<span style=\"color: #333333;\">M. und C.<\/span><br \/>\n<span style=\"color: #333333;\">___________________________________________________________________________<\/span><\/p>\n<p><span style=\"color: #333333;\">Lieber Randy, liebe Jenny;<\/span><\/p>\n<p><span style=\"color: #333333;\">vielen Dank f\u00fcr Eure musikalische Unterst\u00fctzung.<\/span><br \/>\n<span style=\"color: #333333;\">Wir werden unseren Tag auf Schloss Solitude sicherlich nie vergessen.<\/span><br \/>\n<span style=\"color: #333333;\">alles Gute weiterhin, macht weiter so !<\/span><\/p>\n<p><span style=\"color: #333333;\">N.und A.<br \/>\n<\/span><span style=\"color: #333333;\">___________________________________________________________________________<\/span><\/p>\n<p><span style=\"color: #333333;\">Lieber Randy,<\/span><br \/>\n<span style=\"color: #333333;\">Liebes Blue Band Team,<\/span><\/p>\n<p><span style=\"color: #333333;\">an dieser Stelle noch einmal ganz herzlichen Dank f\u00fcr Euren begeisternden Auftritt \u2026<\/span><br \/>\n<span style=\"color: #333333;\">Ihr habt den Saal von der ersten Minute gerockt und uns mit eurem phantastischen Sound durch das Fest getragen. Macht weiter so, live seid Ihr spitze.<\/span><\/p>\n<p><span style=\"color: #333333;\">G. und M.<br \/>\n<\/span><span style=\"color: #333333;\">___________________________________________________________________________<\/span><\/p>\n<p><span style=\"color: #333333;\">Hallo lieber Randy,<\/span><\/p>\n<p><span style=\"color: #333333;\">im Moment sind wir miteinander im Gespr\u00e4ch, \u00fcber die wunderbare Hochzeit von J. und S. und ihre gro\u00dfartige Musik, die in uns nachklingt.<\/span><\/p>\n<p><span style=\"color: #333333;\">Es ist uns ein Bed\u00fcrfnis, Ihnen und Ihrer Band nochmals zu schreiben, dass wir begeistert sind von den wunderbaren Kl\u00e4ngen, von dem Sound und dem einf\u00fchlsamen Gesang, die dem Abend Glanz und Stimmung gaben. Unsere G\u00e4ste waren begeistert, was bei deren Tanzfreude zum Ausdruck kam.<\/span><\/p>\n<p><span style=\"color: #333333;\">Auch Ihrem Tontechniker gro\u00dfes Kompliment f\u00fcr die gelunge Mischung der T\u00f6ne.<br \/>\n<\/span><span style=\"color: #333333;\">Ihre musikalische Begleitung war gro\u00dfe Klasse, es war eine Leichtigkeit, mit Ihnen zu singen.<br \/>\n<\/span><span style=\"color: #333333;\">Wir m\u00f6chten uns nochmals herzlich bedanken und w\u00fcnschen Ihnen f\u00fcr die Zukunft weiterhin viele musikalische Inspirationen und Erfolge.<\/span><\/p>\n<p><span style=\"color: #333333;\">Herzliche Gr\u00fc\u00dfe<\/span><br \/>\n<span style=\"color: #333333;\">Ihre E. und R.<\/span>[\/vc_column_text][\/vc_column][vc_column width=&#8220;1\/3&#8243;]<div class=\"grve-element grve-image grve-align-center\" style=\"\"><img width=\"300\" height=\"149\" src=\"https:\/\/theblue.de\/band\/wp-content\/uploads\/2016\/05\/BBready-katharina-und-bernd-sml.jpg\" class=\"attachment-full size-full\" alt=\"\" decoding=\"async\" loading=\"lazy\" \/><\/div><div class=\"grve-element grve-hr grve-space-divider\" style=\"\"><\/div><div class=\"grve-element grve-image grve-align-center\" style=\"\"><img width=\"300\" height=\"338\" src=\"https:\/\/theblue.de\/band\/wp-content\/uploads\/2016\/05\/BBready-melli-und-christian-sml.jpg\" class=\"attachment-full size-full\" alt=\"\" decoding=\"async\" loading=\"lazy\" srcset=\"https:\/\/theblue.de\/band\/wp-content\/uploads\/2016\/05\/BBready-melli-und-christian-sml.jpg 300w, https:\/\/theblue.de\/band\/wp-content\/uploads\/2016\/05\/BBready-melli-und-christian-sml-266x300.jpg 266w\" sizes=\"(max-width: 300px) 100vw, 300px\" \/><\/div><div class=\"grve-element grve-hr grve-space-divider\" style=\"\"><\/div><div class=\"grve-element grve-image grve-align-center\" style=\"\"><img width=\"300\" height=\"401\" src=\"https:\/\/theblue.de\/band\/wp-content\/uploads\/2016\/05\/BBready-Nina-und-axel-sml.jpg\" class=\"attachment-full size-full\" alt=\"\" decoding=\"async\" loading=\"lazy\" srcset=\"https:\/\/theblue.de\/band\/wp-content\/uploads\/2016\/05\/BBready-Nina-und-axel-sml.jpg 300w, https:\/\/theblue.de\/band\/wp-content\/uploads\/2016\/05\/BBready-Nina-und-axel-sml-224x300.jpg 224w\" sizes=\"(max-width: 300px) 100vw, 300px\" \/><\/div><div class=\"grve-element grve-hr grve-space-divider\" style=\"\"><\/div><div class=\"grve-element grve-image grve-align-center\" style=\"\"><img width=\"300\" height=\"198\" src=\"https:\/\/theblue.de\/band\/wp-content\/uploads\/2016\/05\/BBready-gregor-und-maren-sml.jpg\" class=\"attachment-full size-full\" alt=\"\" decoding=\"async\" loading=\"lazy\" \/><\/div>[\/vc_column][\/vc_row]<\/p>\n","protected":false},"excerpt":{"rendered":"<p>[vc_row bg_type=&#8220;image&#8220; bg_image=&#8220;187&#8243; bg_image_type=&#8220;parallax&#8220;][vc_column width=&#8220;2\/3&#8243;][vc_column_text text_style=&#8220;subtitle&#8220;]TIPP: Lesen Sie auch unsere Rezensionen auf Google &#8211; einfach hier klicken &nbsp; Hier lesen sie einige Zitate aus Briefen von Kunden, die uns nach unseren Auftritten erreichten. (Klarnamen haben wir z.T. aus Gr\u00fcnden des Datenschutzes gek\u00fcrzt) &nbsp; Liebe The Blue Band, Lieber Randy ! Wir wollten uns noch Mal [&hellip;]<\/p>\n","protected":false},"author":1,"featured_media":0,"parent":0,"menu_order":0,"comment_status":"closed","ping_status":"closed","template":"","meta":[],"_links":{"self":[{"href":"https:\/\/theblue.de\/band\/wp-json\/wp\/v2\/pages\/180"}],"collection":[{"href":"https:\/\/theblue.de\/band\/wp-json\/wp\/v2\/pages"}],"about":[{"href":"https:\/\/theblue.de\/band\/wp-json\/wp\/v2\/types\/page"}],"author":[{"embeddable":true,"href":"https:\/\/theblue.de\/band\/wp-json\/wp\/v2\/users\/1"}],"replies":[{"embeddable":true,"href":"https:\/\/theblue.de\/band\/wp-json\/wp\/v2\/comments?post=180"}],"version-history":[{"count":9,"href":"https:\/\/theblue.de\/band\/wp-json\/wp\/v2\/pages\/180\/revisions"}],"predecessor-version":[{"id":820,"href":"https:\/\/theblue.de\/band\/wp-json\/wp\/v2\/pages\/180\/revisions\/820"}],"wp:attachment":[{"href":"https:\/\/theblue.de\/band\/wp-json\/wp\/v2\/media?parent=180"}],"curies":[{"name":"wp","href":"https:\/\/api.w.org\/{rel}","templated":true}]}}