{"id":130,"date":"2016-05-18T15:02:02","date_gmt":"2016-05-18T13:02:02","guid":{"rendered":"http:\/\/theblue.de\/band\/?page_id=130"},"modified":"2018-02-16T23:52:24","modified_gmt":"2018-02-16T22:52:24","slug":"besetzungen","status":"publish","type":"page","link":"https:\/\/theblue.de\/band\/besetzungen\/","title":{"rendered":"Besetzungen"},"content":{"rendered":"<p>[vc_row bg_type=&#8220;image&#8220; bg_image=&#8220;187&#8243; bg_image_type=&#8220;parallax&#8220; opacity_overlay=&#8220;10&#8243;][vc_column]<div class=\"grve-element grve-image-text\" style=\"\"><div class=\"grve-image\"><img width=\"1000\" height=\"667\" src=\"https:\/\/theblue.de\/band\/wp-content\/uploads\/2016\/05\/Quintett-3-Besetzungen-3zu2-1000.jpg\" class=\"attachment-full size-full\" alt=\"\" decoding=\"async\" loading=\"lazy\" srcset=\"https:\/\/theblue.de\/band\/wp-content\/uploads\/2016\/05\/Quintett-3-Besetzungen-3zu2-1000.jpg 1000w, https:\/\/theblue.de\/band\/wp-content\/uploads\/2016\/05\/Quintett-3-Besetzungen-3zu2-1000-300x200.jpg 300w, https:\/\/theblue.de\/band\/wp-content\/uploads\/2016\/05\/Quintett-3-Besetzungen-3zu2-1000-768x512.jpg 768w\" sizes=\"(max-width: 1000px) 100vw, 1000px\" \/><\/div>  <div class=\"grve-content grve-align-left\">    <h3>Das Quintett<\/h3>  <p>Die Stammbesetzung der Blue Band &#8230;<br \/>\n&#8230; mit der gr\u00f6\u00dften Klangvielfalt und dem perfekten Auftritt f\u00fcr Ihre B\u00fchne. <\/p>  <\/div><\/div><div class=\"grve-element grve-image-text\" style=\"\">  <div class=\"grve-content grve-align-right\">    <h3>Das Quartett<\/h3>  <p>Jede Menge Event- und Partyerfahrung an Bord:<br \/>\ndas Quartett der Blue Band mit S\u00e4ngerin.<\/p>  <\/div><div class=\"grve-image\"><img width=\"1000\" height=\"667\" src=\"https:\/\/theblue.de\/band\/wp-content\/uploads\/2016\/05\/Quartett-3-Besetzungen-3zu2HD.jpg\" class=\"attachment-full size-full\" alt=\"\" decoding=\"async\" loading=\"lazy\" srcset=\"https:\/\/theblue.de\/band\/wp-content\/uploads\/2016\/05\/Quartett-3-Besetzungen-3zu2HD.jpg 1000w, https:\/\/theblue.de\/band\/wp-content\/uploads\/2016\/05\/Quartett-3-Besetzungen-3zu2HD-300x200.jpg 300w, https:\/\/theblue.de\/band\/wp-content\/uploads\/2016\/05\/Quartett-3-Besetzungen-3zu2HD-768x512.jpg 768w\" sizes=\"(max-width: 1000px) 100vw, 1000px\" \/><\/div><\/div><div class=\"grve-element grve-image-text\" style=\"\"><div class=\"grve-image\"><img width=\"1000\" height=\"662\" src=\"https:\/\/theblue.de\/band\/wp-content\/uploads\/2016\/05\/RsM-Trio-Besetzungen-3zu2-1.jpg\" class=\"attachment-full size-full\" alt=\"\" decoding=\"async\" loading=\"lazy\" srcset=\"https:\/\/theblue.de\/band\/wp-content\/uploads\/2016\/05\/RsM-Trio-Besetzungen-3zu2-1.jpg 1000w, https:\/\/theblue.de\/band\/wp-content\/uploads\/2016\/05\/RsM-Trio-Besetzungen-3zu2-1-300x199.jpg 300w, https:\/\/theblue.de\/band\/wp-content\/uploads\/2016\/05\/RsM-Trio-Besetzungen-3zu2-1-768x508.jpg 768w\" sizes=\"(max-width: 1000px) 100vw, 1000px\" \/><\/div>  <div class=\"grve-content grve-align-left\">    <h3>Das Party-Trio<\/h3>  <p>Wir k\u00f6nnen auch sehr loungig \u2026<br \/>\n\u2026 aber am Besten Party von Oldies bis zu aktuellen Hits ! <\/p>  <\/div><\/div><div class=\"grve-element grve-image-text\" style=\"\">  <div class=\"grve-content grve-align-right\">    <h3>Das VfB-Trio<\/h3>  <p>In dieser etwas ungew\u00f6hnlichen Besetzung rocken wir regelm\u00e4\u00dfig die Vip-Lounge des VfB und die Menschen freuen sich, wenn Sie uns sehen \ud83d\ude42<br \/>\nBald auch auf Ihrer Party ? <\/p>  <\/div><div class=\"grve-image\"><img width=\"1920\" height=\"1280\" src=\"https:\/\/theblue.de\/band\/wp-content\/uploads\/2016\/05\/VfB-Trio1-Besetzungen-3zu2HD-minimized.jpg\" class=\"attachment-full size-full\" alt=\"\" decoding=\"async\" loading=\"lazy\" srcset=\"https:\/\/theblue.de\/band\/wp-content\/uploads\/2016\/05\/VfB-Trio1-Besetzungen-3zu2HD-minimized.jpg 1920w, https:\/\/theblue.de\/band\/wp-content\/uploads\/2016\/05\/VfB-Trio1-Besetzungen-3zu2HD-minimized-300x200.jpg 300w, https:\/\/theblue.de\/band\/wp-content\/uploads\/2016\/05\/VfB-Trio1-Besetzungen-3zu2HD-minimized-768x512.jpg 768w, https:\/\/theblue.de\/band\/wp-content\/uploads\/2016\/05\/VfB-Trio1-Besetzungen-3zu2HD-minimized-1024x683.jpg 1024w\" sizes=\"(max-width: 1920px) 100vw, 1920px\" \/><\/div><\/div><div class=\"grve-element grve-image-text\" style=\"\"><div class=\"grve-image\"><img width=\"1000\" height=\"666\" src=\"https:\/\/theblue.de\/band\/wp-content\/uploads\/2016\/05\/RGM-Trio-2-Besetzungen-3zu2-minimized-1.jpg\" class=\"attachment-full size-full\" alt=\"\" decoding=\"async\" loading=\"lazy\" srcset=\"https:\/\/theblue.de\/band\/wp-content\/uploads\/2016\/05\/RGM-Trio-2-Besetzungen-3zu2-minimized-1.jpg 1000w, https:\/\/theblue.de\/band\/wp-content\/uploads\/2016\/05\/RGM-Trio-2-Besetzungen-3zu2-minimized-1-300x200.jpg 300w, https:\/\/theblue.de\/band\/wp-content\/uploads\/2016\/05\/RGM-Trio-2-Besetzungen-3zu2-minimized-1-768x511.jpg 768w\" sizes=\"(max-width: 1000px) 100vw, 1000px\" \/><\/div>  <div class=\"grve-content grve-align-left\">    <h3>Das Lounge-Trio<\/h3>  <p>Mal entspannt mediterran, mal chillig elektronisch, immer musikalisch hochwertig ist dieses Trio die erste Wahl f\u00fcr ihren Sektempfang und die lauschige Sommernachtsparty: die Lounge-Spezialisten mit dem gro\u00dfen Sound \u2026<br \/>\ndie sich auch auf Dance und Party verstehen! <\/p>  <\/div><\/div><div class=\"grve-element grve-image-text\" style=\"\">  <div class=\"grve-content grve-align-right\">    <h3>Die Jazzformationen<\/h3>  <p>Duo, Trio, Quartett, Quintett<br \/>\nVerw\u00f6hnen Sie Sich und Ihre G\u00e4ste mit gepflegter Hintergrundmusik, die sowohl hochwertig und pr\u00e4sent und doch unaufdringlich daherkommt. Musik, die gerne auch mal konzertant werden darf.<\/p>  <\/div><div class=\"grve-image\"><img width=\"1000\" height=\"667\" src=\"https:\/\/theblue.de\/band\/wp-content\/uploads\/2016\/05\/JazzQuartett3-Besetzungen-3zu2-1000.jpg\" class=\"attachment-full size-full\" alt=\"\" decoding=\"async\" loading=\"lazy\" srcset=\"https:\/\/theblue.de\/band\/wp-content\/uploads\/2016\/05\/JazzQuartett3-Besetzungen-3zu2-1000.jpg 1000w, https:\/\/theblue.de\/band\/wp-content\/uploads\/2016\/05\/JazzQuartett3-Besetzungen-3zu2-1000-300x200.jpg 300w, https:\/\/theblue.de\/band\/wp-content\/uploads\/2016\/05\/JazzQuartett3-Besetzungen-3zu2-1000-768x512.jpg 768w\" sizes=\"(max-width: 1000px) 100vw, 1000px\" \/><\/div><\/div>[\/vc_column][\/vc_row][vc_row][vc_column]<div class=\"grve-element grve-image grve-align-center\" style=\"\"><img width=\"1920\" height=\"745\" src=\"https:\/\/theblue.de\/band\/wp-content\/uploads\/2016\/05\/Blue-Band-Jazz-Quartett-1920-70.jpg\" class=\"attachment-full size-full\" alt=\"\" decoding=\"async\" loading=\"lazy\" srcset=\"https:\/\/theblue.de\/band\/wp-content\/uploads\/2016\/05\/Blue-Band-Jazz-Quartett-1920-70.jpg 1920w, https:\/\/theblue.de\/band\/wp-content\/uploads\/2016\/05\/Blue-Band-Jazz-Quartett-1920-70-300x116.jpg 300w, https:\/\/theblue.de\/band\/wp-content\/uploads\/2016\/05\/Blue-Band-Jazz-Quartett-1920-70-768x298.jpg 768w, https:\/\/theblue.de\/band\/wp-content\/uploads\/2016\/05\/Blue-Band-Jazz-Quartett-1920-70-1024x397.jpg 1024w\" sizes=\"(max-width: 1920px) 100vw, 1920px\" \/><\/div>[\/vc_column][\/vc_row]<\/p>\n","protected":false},"excerpt":{"rendered":"<p>[vc_row bg_type=&#8220;image&#8220; bg_image=&#8220;187&#8243; bg_image_type=&#8220;parallax&#8220; opacity_overlay=&#8220;10&#8243;][vc_column][\/vc_column][\/vc_row][vc_row][vc_column][\/vc_column][\/vc_row]<\/p>\n","protected":false},"author":1,"featured_media":0,"parent":0,"menu_order":0,"comment_status":"closed","ping_status":"closed","template":"","meta":[],"_links":{"self":[{"href":"https:\/\/theblue.de\/band\/wp-json\/wp\/v2\/pages\/130"}],"collection":[{"href":"https:\/\/theblue.de\/band\/wp-json\/wp\/v2\/pages"}],"about":[{"href":"https:\/\/theblue.de\/band\/wp-json\/wp\/v2\/types\/page"}],"author":[{"embeddable":true,"href":"https:\/\/theblue.de\/band\/wp-json\/wp\/v2\/users\/1"}],"replies":[{"embeddable":true,"href":"https:\/\/theblue.de\/band\/wp-json\/wp\/v2\/comments?post=130"}],"version-history":[{"count":13,"href":"https:\/\/theblue.de\/band\/wp-json\/wp\/v2\/pages\/130\/revisions"}],"predecessor-version":[{"id":695,"href":"https:\/\/theblue.de\/band\/wp-json\/wp\/v2\/pages\/130\/revisions\/695"}],"wp:attachment":[{"href":"https:\/\/theblue.de\/band\/wp-json\/wp\/v2\/media?parent=130"}],"curies":[{"name":"wp","href":"https:\/\/api.w.org\/{rel}","templated":true}]}}

<p>[vc_row bg_type=&#8220;image&#8220; bg_image=&#8220;187&#8243; bg_image_type=&#8220;parallax&#8220; opacity_overlay=&#8220;10&#8243;][vc_column]<div class="grve-element grve-image-text" style=""><div class="grve-image"><img width="1000" height="667" src="https://theblue.de/band/wp-content/uploads/2016/05/Quintett-3-Besetzungen-3zu2-1000.jpg" class="attachment-full size-full" alt="" decoding="async" loading="lazy" srcset="https://theblue.de/band/wp-content/uploads/2016/05/Quintett-3-Besetzungen-3zu2-1000.jpg 1000w, https://theblue.de/band/wp-content/uploads/2016/05/Quintett-3-Besetzungen-3zu2-1000-300x200.jpg 300w, https://theblue.de/band/wp-content/uploads/2016/05/Quintett-3-Besetzungen-3zu2-1000-768x512.jpg 768w" sizes="(max-width: 1000px) 100vw, 1000px" /></div>  <div class="grve-content grve-align-left">    <h3>Das Quintett</h3>  <p>Die Stammbesetzung der Blue Band &#8230;<br />
&#8230; mit der größten Klangvielfalt und dem perfekten Auftritt für Ihre Bühne. </p>  </div></div><div class="grve-element grve-image-text" style="">  <div class="grve-content grve-align-right">    <h3>Das Quartett</h3>  <p>Jede Menge Event- und Partyerfahrung an Bord:<br />
das Quartett der Blue Band mit Sängerin.</p>  </div><div class="grve-image"><img width="1000" height="667" src="https://theblue.de/band/wp-content/uploads/2016/05/Quartett-3-Besetzungen-3zu2HD.jpg" class="attachment-full size-full" alt="" decoding="async" loading="lazy" srcset="https://theblue.de/band/wp-content/uploads/2016/05/Quartett-3-Besetzungen-3zu2HD.jpg 1000w, https://theblue.de/band/wp-content/uploads/2016/05/Quartett-3-Besetzungen-3zu2HD-300x200.jpg 300w, https://theblue.de/band/wp-content/uploads/2016/05/Quartett-3-Besetzungen-3zu2HD-768x512.jpg 768w" sizes="(max-width: 1000px) 100vw, 1000px" /></div></div><div class="grve-element grve-image-text" style=""><div class="grve-image"><img width="1000" height="662" src="https://theblue.de/band/wp-content/uploads/2016/05/RsM-Trio-Besetzungen-3zu2-1.jpg" class="attachment-full size-full" alt="" decoding="async" loading="lazy" srcset="https://theblue.de/band/wp-content/uploads/2016/05/RsM-Trio-Besetzungen-3zu2-1.jpg 1000w, https://theblue.de/band/wp-content/uploads/2016/05/RsM-Trio-Besetzungen-3zu2-1-300x199.jpg 300w, https://theblue.de/band/wp-content/uploads/2016/05/RsM-Trio-Besetzungen-3zu2-1-768x508.jpg 768w" sizes="(max-width: 1000px) 100vw, 1000px" /></div>  <div class="grve-content grve-align-left">    <h3>Das Party-Trio</h3>  <p>Wir können auch sehr loungig …<br />
… aber am Besten Party von Oldies bis zu aktuellen Hits ! </p>  </div></div><div class="grve-element grve-image-text" style="">  <div class="grve-content grve-align-right">    <h3>Das VfB-Trio</h3>  <p>In dieser etwas ungewöhnlichen Besetzung rocken wir regelmäßig die Vip-Lounge des VfB und die Menschen freuen sich, wenn Sie uns sehen 🙂<br />
Bald auch auf Ihrer Party ? </p>  </div><div class="grve-image"><img width="1920" height="1280" src="https://theblue.de/band/wp-content/uploads/2016/05/VfB-Trio1-Besetzungen-3zu2HD-minimized.jpg" class="attachment-full size-full" alt="" decoding="async" loading="lazy" srcset="https://theblue.de/band/wp-content/uploads/2016/05/VfB-Trio1-Besetzungen-3zu2HD-minimized.jpg 1920w, https://theblue.de/band/wp-content/uploads/2016/05/VfB-Trio1-Besetzungen-3zu2HD-minimized-300x200.jpg 300w, https://theblue.de/band/wp-content/uploads/2016/05/VfB-Trio1-Besetzungen-3zu2HD-minimized-768x512.jpg 768w, https://theblue.de/band/wp-content/uploads/2016/05/VfB-Trio1-Besetzungen-3zu2HD-minimized-1024x683.jpg 1024w" sizes="(max-width: 1920px) 100vw, 1920px" /></div></div><div class="grve-element grve-image-text" style=""><div class="grve-image"><img width="1000" height="666" src="https://theblue.de/band/wp-content/uploads/2016/05/RGM-Trio-2-Besetzungen-3zu2-minimized-1.jpg" class="attachment-full size-full" alt="" decoding="async" loading="lazy" srcset="https://theblue.de/band/wp-content/uploads/2016/05/RGM-Trio-2-Besetzungen-3zu2-minimized-1.jpg 1000w, https://theblue.de/band/wp-content/uploads/2016/05/RGM-Trio-2-Besetzungen-3zu2-minimized-1-300x200.jpg 300w, https://theblue.de/band/wp-content/uploads/2016/05/RGM-Trio-2-Besetzungen-3zu2-minimized-1-768x511.jpg 768w" sizes="(max-width: 1000px) 100vw, 1000px" /></div>  <div class="grve-content grve-align-left">    <h3>Das Lounge-Trio</h3>  <p>Mal entspannt mediterran, mal chillig elektronisch, immer musikalisch hochwertig ist dieses Trio die erste Wahl für ihren Sektempfang und die lauschige Sommernachtsparty: die Lounge-Spezialisten mit dem großen Sound …<br />
die sich auch auf Dance und Party verstehen! </p>  </div></div><div class="grve-element grve-image-text" style="">  <div class="grve-content grve-align-right">    <h3>Die Jazzformationen</h3>  <p>Duo, Trio, Quartett, Quintett<br />
Verwöhnen Sie Sich und Ihre Gäste mit gepflegter Hintergrundmusik, die sowohl hochwertig und präsent und doch unaufdringlich daherkommt. Musik, die gerne auch mal konzertant werden darf.</p>  </div><div class="grve-image"><img width="1000" height="667" src="https://theblue.de/band/wp-content/uploads/2016/05/JazzQuartett3-Besetzungen-3zu2-1000.jpg" class="attachment-full size-full" alt="" decoding="async" loading="lazy" srcset="https://theblue.de/band/wp-content/uploads/2016/05/JazzQuartett3-Besetzungen-3zu2-1000.jpg 1000w, https://theblue.de/band/wp-content/uploads/2016/05/JazzQuartett3-Besetzungen-3zu2-1000-300x200.jpg 300w, https://theblue.de/band/wp-content/uploads/2016/05/JazzQuartett3-Besetzungen-3zu2-1000-768x512.jpg 768w" sizes="(max-width: 1000px) 100vw, 1000px" /></div></div>[/vc_column][/vc_row][vc_row][vc_column]<div class="grve-element grve-image grve-align-center" style=""><img width="1920" height="745" src="https://theblue.de/band/wp-content/uploads/2016/05/Blue-Band-Jazz-Quartett-1920-70.jpg" class="attachment-full size-full" alt="" decoding="async" loading="lazy" srcset="https://theblue.de/band/wp-content/uploads/2016/05/Blue-Band-Jazz-Quartett-1920-70.jpg 1920w, https://theblue.de/band/wp-content/uploads/2016/05/Blue-Band-Jazz-Quartett-1920-70-300x116.jpg 300w, https://theblue.de/band/wp-content/uploads/2016/05/Blue-Band-Jazz-Quartett-1920-70-768x298.jpg 768w, https://theblue.de/band/wp-content/uploads/2016/05/Blue-Band-Jazz-Quartett-1920-70-1024x397.jpg 1024w" sizes="(max-width: 1920px) 100vw, 1920px" /></div>[/vc_column][/vc_row]</p>
